 - -5c9493?
5c9490
In base 6, what is -11545 + -13355?
-25344
In base 5, what is -1240214 + 32233?
-1202431
In base 4, what is 221231320 + -102003?
221123311
In base 10, what is 275 + 171347?
171622
In base 2, what is 11011 - 1000100011100101100?
-1000100011100010001
In base 16, what is -5 - -ef440f?
ef440a
In base 5, what is 43 + 2314020?
2314113
In base 2, what is -11101100001 + -1100100110010011?
-1101000011110100
In base 3, what is 212122 + -1010022011?
-1002102112
In base 13, what is -3 - 6221a76?
-6221a79
In base 16, what is 2 + 1c1007?
1c1009
In base 16, what is -2aa - -6fc?
452
In base 9, what is -30014212 + 11?
-30014201
In base 8, what is 4 - -14555772?
14555776
In base 2, what is 10 - 10101100110100101101100?
-10101100110100101101010
In base 11, what is -15a + 19962?
19803
In base 5, what is -2434100 + 123?
-2433422
In base 11, what is 89 + -121891?
-121803
In base 6, what is 25351405130 - -3?
25351405133
In base 5, what is -1122243 + 11000?
-1111243
In base 9, what is -3672 + 20404?
15622
In base 7, what is 103001551 + 0?
103001551
In base 9, what is 0 + 11372683?
11372683
In base 7, what is 1532451230 + -1?
1532451226
In base 5, what is -1041201 - -331?
-1040320
In base 2, what is 100011101010001 + -10011100111?
100001001101010
In base 6, what is -13114 + -20401?
-33515
In base 9, what is -2 - 10724865?
-10724867
In base 4, what is -120312211201202 - 1?
-120312211201203
In base 4, what is -2 + -10202200321?
-10202200323
In base 4, what is 2121 + 21330301?
21333022
In base 14, what is -5b3ad64 - 1?
-5b3ad65
In base 2, what is -10 - 11010000011111100011011?
-11010000011111100011101
In base 6, what is -3 - -33225230?
33225223
In base 7, what is 312563 + -1556?
311004
In base 5, what is 20344242012 + 3?
20344242020
In base 11, what is 67995 - 1054?
66941
In base 7, what is -165003120 + -3?
-165003123
In base 14, what is 38b6 + -42?
3874
In base 7, what is -1355214 - -12511?
-1342403
In base 10, what is 45693 + 1752?
47445
In base 13, what is 7673 - 5277?
23c9
In base 11, what is 4a352 + 118?
4a46a
In base 7, what is -2210 - -150110?
144600
In base 13, what is 4 - -4602a4?
4602a8
In base 12, what is 24b5 - 21506?
-1b011
In base 7, what is 14 + 2335601003?
2335601020
In base 6, what is -3 + 14340221222?
14340221215
In base 3, what is -210220121000 - 2001?
-210220200001
In base 10, what is -1122 + -38713?
-39835
In base 16, what is -40231b - 39?
-402354
In base 8, what is 0 - -50453754?
50453754
In base 14, what is 0 + 39171db?
39171db
In base 4, what is 10 + -22211230020?
-22211230010
In base 11, what is -4 - 370017?
-370020
In base 6, what is -310 + -2023005?
-2023315
In base 16, what is -1 + 523ebf?
523ebe
In base 10, what is 174144163 + -8?
174144155
In base 9, what is -18 - -3186464?
3186445
In base 16, what is -a415a - 10f?
-a4269
In base 7, what is -144 + -1366436?
-1366613
In base 10, what is -31521 - 3527?
-35048
In base 11, what is 6a7112 - -7?
6a7119
In base 15, what is 8ba - -9949?
a314
In base 11, what is 37 + -64831?
-647a5
In base 10, what is 13 - -17187452?
17187465
In base 4, what is 12303133202 + -2?
12303133200
In base 4, what is -322123010010 + -1?
-322123010011
In base 2, what is 1111001101001 + -100011000001001?
-10011110100000
In base 3, what is 120020122112110 + -1?
120020122112102
In base 7, what is -61631 + 32?
-61566
In base 8, what is 6 - -21053046?
21053054
In base 10, what is 757997 - -289?
758286
In base 7, what is 5601002516 + 3?
5601002522
In base 11, what is -21a822 + -106?
-21a928
In base 8, what is -130 - 5675366?
-5675516
In base 3, what is 200120220201101100 - -1?
200120220201101101
In base 2, what is -1010 + 11101110110110?
11101110101100
In base 15, what is 14a3de2c - 3?
14a3de29
In base 13, what is 7 + 2bc422?
2bc429
In base 13, what is -3c52a72 + 3?
-3c52a6c
In base 6, what is -1101 + 102544?
101443
In base 4, what is -11 - 10220232330?
-10220233001
In base 4, what is 1202 + 1311?
3113
In base 11, what is -71 + 176204?
176143
In base 9, what is -343606 - -30?
-343566
In base 12, what is -4 + -32034226?
-3203422a
In base 12, what is 2653a9 - 13a?
26526b
In base 3, what is -1002011012012101211 - -10?
-1002011012012101201
In base 11, what is a - 1298954?
-1298945
In base 5, what is -10 + -12100400343?
-12100400403
In base 12, what is -3 - -57323a26?
57323a23
In base 4, what is -10222201131 - -1100?
-10222200031
In base 4, what is -33222113 + -3212?
-33231331
In base 10, what is 28 + 329239?
329267
In base 13, what is -14b8a04 - -15?
-14b89bc
In base 5, what is 2 + 224412044431?
224412044433
In base 14, what is 3292 + 1d092?
22344
In base 14, what is -684 - 22c?
-8b2
In base 15, what is -16586 - 280?
-16816
In base 13, what is -711540ac + -4?
-711540b3
In base 12, what is -b + -22b9245?
-22b9254
In base 5, what is 12204444 + -112?
12204332
In base 6, what is 51431 + 1305?
53140
In base 4, what is -2 + -1120021110201?
-1120021110203
In base 8, what is 102773545 + -1?
102773544
In base 10, what is 14 - -1888836?
1888850
In base 15, what is 22 + -dbe5?
-dbc3
In base 13, what is -3783b4ba + -2?
-3783b4bc
In base 9, what is 0 - -635325?
635325
In base 7, what is 51 - 12416333?
-12416252
In base 6, what is 141 - -33112553?
33113134
In base 12, what is -3 - 515325?
-515328
In base 11, what is -223404 - -187?
-223228
In base 4, what is 1103302 + -3000321?
-1231013
In base 11, what is 879364 + 11?
879375
In base 15, what is 0 - 27c55?
-27c55
In base 14, what is -464131 - -159?
-463db6
In base 6, what is -2 - -22203255513?
22203255511
In base 15, what is -24878 - -2a4?
-245c4
In base 13, what is 1 - -248b722?
248b723
In base 6, what is -11144133 - 30?
-11144203
In base 12, what is -4 + -52430147?
-5243014b
In base 11, what is -5a5081 - 58?
-5a5129
In base 14, what is -2ab99 + -239?
-2add4
In base 9, what is 1 - 2142510?
-2142508
In base 10, what is 0 + 4721141?
4721141
In base 14, what is 20147 + 181?
202c8
In base 4, what is 1203220 - -132303?
2002123
In base 14, what is 1044304 - -8?
104430c
In base 3, what is 21021220200221 - 11?
21021220200210
In base 11, what is 3882a9 + 3?
388301
In base 12, what is -53 - 57893?
-57926
In base 11, what is -4 + a889a78a?
a889a786
In base 12, what is -895 - 148a6?
-1557b
In base 14, what is -37 - -58356?
5831d
In base 2, what is -11001010101101010000010 - -101?
-11001010101101001111101
In base 4, what is 111210013 + -220?
111203133
In base 11, what is 1050 + 3a78?
5018
In base 15, what is 1a9 - -1eddd?
20097
In base 8, what is -11 - -15064124?
15064113
In base 11, what is 5780a - -1579?
59288
In base 4, what is -2 - 1110020032230?
-1110020032232
In base 12, what is -14370 + a4b0?
-5a80
In base 10, what is 121289 - 1815?
119474
In base 13, what is -396c3 - 1281?
-3a974
In base 2, what is 1000100001 - 11101111011100000?
-11101110010111111
In base 14, what is 3817808 - -3?
381780b
In base 10, what is 8078 - -16366?
24444
In base 14, what is -153b - 4a6?
-1a03
In base 12, what is -362aa90 + -7?
-362aa97
In base 4, what is 32211321 - -203?
32212130
In base 11, what is -4 + 264205?
264201
In base 9, what is -62527242 + 4?
-62527237
In base 12, what is 140a577 - 40?
140a537
In base 14, what is 2 + -1db62b0?
-1db62ac
In base 10, what is 1038018455 + 2?
1038018457
In base 15, what is -5 + 68a4d4?
68a4ce
In base 16, what is 2ad465 - 7?
2ad45e
In base 6, what is 50011144 - -5?
50011153
In base 2, what is -100010110010100011 - 1110?
-100010110010110001
In base 16, what is -3 - 192f2c7?
-192f2ca
In base 16, what is 1e440d + -356?
1e40b7
In base 14, what is -663a32 - -7?
-663a29
In base 4, what is 10333221121 + 110?
10333221231
In base 5, what is -214344243 - -14?
-214344224
In base 9, what is 478 + -20868?
-20380
In base 15, what is -30d66 - -50?
-30d16
In base 2, what is 10 + 101111110011100101010?
101111110011100101100
In base 8, what is 455 - 130620?
-130143
In base 15, what is 764a - ccc?
686d
In base 14, what is 3754 - -55a?
3cb0
In base 2, what is 10010000011000001110100100 - -101?
10010000011000001110101001
In base 16, what is -a0 + 73102?
73062
In base 8, what is 1766 - 10342?
-6354
In base 3, what is 1010 + 1000121202001?
1000121210011
In base 8, what is -3 - 4660751?
-4660754
In base 7, what is 0 + 10364053?
10364053
In base 6, what is 31 + 15030122?
15030153
In base 16,